
{"id":53,"date":"2015-07-31T15:24:28","date_gmt":"2015-07-31T15:24:28","guid":{"rendered":"http:\/\/servissamochodowy.pl\/?page_id=53"},"modified":"2015-09-02T14:47:39","modified_gmt":"2015-09-02T14:47:39","slug":"wulkanizacja-2","status":"publish","type":"page","link":"http:\/\/servissamochodowy.pl\/?page_id=53","title":{"rendered":"WULKANIZACJA"},"content":{"rendered":"<div id=\"pl-53\"  class=\"panel-layout\" ><div id=\"pg-53-0\"  class=\"panel-grid panel-no-style\" ><div id=\"pgc-53-0-0\"  class=\"panel-grid-cell\" ><div id=\"panel-53-0-0-0\" class=\"so-panel widget widget_text panel-first-child panel-last-child\" data-index=\"0\" ><div class=\"panel-widget-style panel-widget-style-for-53-0-0-0\" >\t\t\t<div class=\"textwidget\"><p>Nasza oferta skierowana jest do os\u00f3b prywatnych jak i flot samochodowych. Zajmujemy si\u0119 napraw\u0105, wymian\u0105 opon oraz prostowaniem felg stalowych i aluminiowych. Posiadamy niezb\u0119dn\u0105 wiedz\u0119 i do\u015bwiadczenie, dzi\u0119ki czemu mo\u017cemy sprosta\u0107 Pa\u0144stwa oczekiwaniom.<\/p>\n<p>W ramach us\u0142ug oferujemy:<\/p>\n<p>\u2219 napraw\u0119 d\u0119tek i opon,<br \/>\n\u2219 wymian\u0119 opon,<br \/>\n\u2219 wymian\u0119 k\u00f3\u0142,<br \/>\n\u2219 wywa\u017canie k\u00f3\u0142,<br \/>\n\u2219 prostowanie felg,<br \/>\n\u2219 sprzeda\u017c opon.<\/p>\n<p>Oferujemy fachow\u0105 obs\u0142ug\u0119 i konkurencyjne ceny.<\/p>\n<\/div>\n\t\t<\/div><\/div><\/div><\/div><div id=\"pg-53-1\"  class=\"panel-grid panel-no-style\" ><div id=\"pgc-53-1-0\"  class=\"panel-grid-cell\" ><div id=\"panel-53-1-0-0\" class=\"so-panel widget widget_sow-image panel-first-child panel-last-child\" data-index=\"1\" ><div class=\"so-widget-sow-image so-widget-sow-image-default-d6014b76747a-53\">\n\n<div class=\"sow-image-container\">\n\t\t<img src=\"http:\/\/servissamochodowy.pl\/wp-content\/uploads\/2015\/08\/IMG_6962-1024x683.jpg\" width=\"1024\" height=\"683\" srcset=\"http:\/\/servissamochodowy.pl\/wp-content\/uploads\/2015\/08\/IMG_6962-1024x683.jpg 1024w, http:\/\/servissamochodowy.pl\/wp-content\/uploads\/2015\/08\/IMG_6962-300x200.jpg 300w, http:\/\/servissamochodowy.pl\/wp-content\/uploads\/2015\/08\/IMG_6962.jpg 1500w\" sizes=\"(max-width: 1024px) 100vw, 1024px\" alt=\"\" loading=\"lazy\" \t\tclass=\"so-widget-image\"\/>\n\t<\/div>\n\n<\/div><\/div><\/div><\/div><\/div>","protected":false},"excerpt":{"rendered":"<p>Nasza oferta skierowana jest do os\u00f3b prywatnych jak i flot&#8230; <\/p>\n","protected":false},"author":1,"featured_media":55,"parent":0,"menu_order":0,"comment_status":"closed","ping_status":"closed","template":"","meta":[],"_links":{"self":[{"href":"http:\/\/servissamochodowy.pl\/index.php?rest_route=\/wp\/v2\/pages\/53"}],"collection":[{"href":"http:\/\/servissamochodowy.pl\/index.php?rest_route=\/wp\/v2\/pages"}],"about":[{"href":"http:\/\/servissamochodowy.pl\/index.php?rest_route=\/wp\/v2\/types\/page"}],"author":[{"embeddable":true,"href":"http:\/\/servissamochodowy.pl\/index.php?rest_route=\/wp\/v2\/users\/1"}],"replies":[{"embeddable":true,"href":"http:\/\/servissamochodowy.pl\/index.php?rest_route=%2Fwp%2Fv2%2Fcomments&post=53"}],"version-history":[{"count":22,"href":"http:\/\/servissamochodowy.pl\/index.php?rest_route=\/wp\/v2\/pages\/53\/revisions"}],"predecessor-version":[{"id":158,"href":"http:\/\/servissamochodowy.pl\/index.php?rest_route=\/wp\/v2\/pages\/53\/revisions\/158"}],"wp:featuredmedia":[{"embeddable":true,"href":"http:\/\/servissamochodowy.pl\/index.php?rest_route=\/wp\/v2\/media\/55"}],"wp:attachment":[{"href":"http:\/\/servissamochodowy.pl\/index.php?rest_route=%2Fwp%2Fv2%2Fmedia&parent=53"}],"curies":[{"name":"wp","href":"https:\/\/api.w.org\/{rel}","templated":true}]}}