
{"id":181,"date":"2015-09-23T13:07:56","date_gmt":"2015-09-23T13:07:56","guid":{"rendered":"http:\/\/servissamochodowy.pl\/?page_id=181"},"modified":"2015-09-23T13:24:21","modified_gmt":"2015-09-23T13:24:21","slug":"czesci-zamienne","status":"publish","type":"page","link":"http:\/\/servissamochodowy.pl\/?page_id=181","title":{"rendered":"CZ\u0118\u015aCI ZAMIENNE"},"content":{"rendered":"<div id=\"pl-181\"  class=\"panel-layout\" ><div id=\"pg-181-0\"  class=\"panel-grid panel-no-style\" ><div id=\"pgc-181-0-0\"  class=\"panel-grid-cell\" ><div id=\"panel-181-0-0-0\" class=\"so-panel widget widget_text panel-first-child panel-last-child\" data-index=\"0\" ><div class=\"panel-widget-style panel-widget-style-for-181-0-0-0\" >\t\t\t<div class=\"textwidget\"><p><\/br><\/br><br \/>\nZrealizujemy ka\u017cde nawet najtrudniejsze zam\u00f3wienia. Cz\u0119\u015bci zamienne dobieramy wg numeru nadwozia pojazdu aby wyeliminowa\u0107 b\u0142\u0119dy w ich doborze. U nas zam\u00f3wisz cz\u0119\u015bci oryginalne, zamienniki cz\u0119\u015bci oryginalnych oraz cz\u0119\u015bci u\u017cywane i regenerowane.<\/p>\n<p>Zapraszamy..<\/p>\n<\/div>\n\t\t<\/div><\/div><\/div><div id=\"pgc-181-0-1\"  class=\"panel-grid-cell\" ><div id=\"panel-181-0-1-0\" class=\"so-panel widget widget_sow-image panel-first-child panel-last-child\" data-index=\"1\" ><div class=\"so-widget-sow-image so-widget-sow-image-default-d6014b76747a-181\">\n\n<div class=\"sow-image-container\">\n\t\t<img src=\"http:\/\/servissamochodowy.pl\/wp-content\/uploads\/2015\/09\/c1.jpg\" width=\"500\" height=\"356\" srcset=\"http:\/\/servissamochodowy.pl\/wp-content\/uploads\/2015\/09\/c1.jpg 500w, http:\/\/servissamochodowy.pl\/wp-content\/uploads\/2015\/09\/c1-300x214.jpg 300w\" sizes=\"(max-width: 500px) 100vw, 500px\" title=\"AUBI - Skoda Octavia Combi 1.6 FSI Dauertest, Baujahr 2005, 1598 ccm, 85 KW, 116 PS, Typ 1Z, Euro 4, Benzin \/ Ottomotor, silber.\nFoto erstellt am 15.02.2008\" alt=\"\" loading=\"lazy\" \t\tclass=\"so-widget-image\"\/>\n\t<\/div>\n\n<\/div><\/div><\/div><\/div><div id=\"pg-181-1\"  class=\"panel-grid panel-no-style\" ><div id=\"pgc-181-1-0\"  class=\"panel-grid-cell panel-grid-cell-empty\" ><\/div><\/div><\/div>","protected":false},"excerpt":{"rendered":"<p>Zrealizujemy ka\u017cde nawet najtrudniejsze zam\u00f3wienia. Cz\u0119\u015bci zamienne dobieramy wg numeru&#8230; <\/p>\n","protected":false},"author":1,"featured_media":0,"parent":0,"menu_order":0,"comment_status":"closed","ping_status":"closed","template":"","meta":[],"_links":{"self":[{"href":"http:\/\/servissamochodowy.pl\/index.php?rest_route=\/wp\/v2\/pages\/181"}],"collection":[{"href":"http:\/\/servissamochodowy.pl\/index.php?rest_route=\/wp\/v2\/pages"}],"about":[{"href":"http:\/\/servissamochodowy.pl\/index.php?rest_route=\/wp\/v2\/types\/page"}],"author":[{"embeddable":true,"href":"http:\/\/servissamochodowy.pl\/index.php?rest_route=\/wp\/v2\/users\/1"}],"replies":[{"embeddable":true,"href":"http:\/\/servissamochodowy.pl\/index.php?rest_route=%2Fwp%2Fv2%2Fcomments&post=181"}],"version-history":[{"count":8,"href":"http:\/\/servissamochodowy.pl\/index.php?rest_route=\/wp\/v2\/pages\/181\/revisions"}],"predecessor-version":[{"id":190,"href":"http:\/\/servissamochodowy.pl\/index.php?rest_route=\/wp\/v2\/pages\/181\/revisions\/190"}],"wp:attachment":[{"href":"http:\/\/servissamochodowy.pl\/index.php?rest_route=%2Fwp%2Fv2%2Fmedia&parent=181"}],"curies":[{"name":"wp","href":"https:\/\/api.w.org\/{rel}","templated":true}]}}