
{"id":160,"date":"2015-09-02T22:46:45","date_gmt":"2015-09-02T22:46:45","guid":{"rendered":"http:\/\/servissamochodowy.pl\/?page_id=160"},"modified":"2015-09-02T22:51:14","modified_gmt":"2015-09-02T22:51:14","slug":"kosmetyka-3","status":"publish","type":"page","link":"http:\/\/servissamochodowy.pl\/?page_id=160","title":{"rendered":"KOSMETYKA"},"content":{"rendered":"<div id=\"pl-160\"  class=\"panel-layout\" ><div id=\"pg-160-0\"  class=\"panel-grid panel-no-style\" ><div id=\"pgc-160-0-0\"  class=\"panel-grid-cell\" ><div id=\"panel-160-0-0-0\" class=\"so-panel widget widget_text panel-first-child panel-last-child\" data-index=\"0\" ><div class=\"panel-widget-style panel-widget-style-for-160-0-0-0\" ><h3 class=\"widget-title\">OZONOWANIE<\/h3>\t\t\t<div class=\"textwidget\"><p>Jedn\u0105 z najskuteczniejszych metod oczyszczania wn\u0119trza samochodu i klimatyzacji jest ozonowanie. Pozwala bez udzia\u0142u \u015brodk\u00f3w chemicznych odgrzybi\u0107 klimatyzacj\u0119 i kana\u0142y wentylacyjne w samochodzie a tak\u017ce odkazi\u0107 i usun\u0105\u0107 nieprzyjemne zapachy z jego wn\u0119trza.<\/p>\n<p>Ozon (aktywny tlen) kr\u0105\u017cy w uk\u0142adzie klimatyzacji i we wn\u0119trzu samochodu, utleniaj\u0105c napotkane cz\u0105steczki chemiczne. Tym sposobem gin\u0105 organizmy \u017cywe jak ple\u015bnie, grzyby, bakterie, wirusy oraz ulegaj\u0105 trwa\u0142emu rozk\u0142adowi zwi\u0105zki chemiczne b\u0119d\u0105ce przyczyn\u0105 przykrego zapachu.<\/p>\n<p>Efekty ozonowania:<\/p>\n<p>\u2219 zwalczanie drobnoustroj\u00f3w i alergen\u00f3w, przez co w swoisty spos\u00f3b sterylizuje pomieszczenia (nie tylko powietrze, ale i przedmioty w nim si\u0119 znajduj\u0105ce);<\/p>\n<p>\u2219 usuwanie nieprzyjemnych zapach\u00f3w powsta\u0142ych na skutek np.: palenia tytoniu, zagrzybienia klimatyzacji, przewo\u017cenia zwierz\u0105t;<\/p>\n<p>\u2219 usuwanie zapach\u00f3w spalenizny, st\u0119chlizny czy po naprawach np.: benzyny, smar\u00f3w;<\/p>\n<p>\u2219 oczyszczanie element\u00f3w instalacji wentylacji i klimatyzacji (kana\u0142y wentylacyjne i trudno dost\u0119pne miejsca);<\/p>\n<p>Ozon jest jednym z najskuteczniejszych \u015brodk\u00f3w dezynfekcyjnych. Nie wytwarza on rakotw\u00f3rczych ani szkodliwych produkt\u00f3w ubocznych. Jego dzia\u0142anie jest bardzo kr\u00f3tkie, ale te\u017c skuteczne.<\/p>\n<\/div>\n\t\t<\/div><\/div><\/div><\/div><div id=\"pg-160-1\"  class=\"panel-grid panel-no-style\" ><div id=\"pgc-160-1-0\"  class=\"panel-grid-cell\" ><div id=\"panel-160-1-0-0\" class=\"so-panel widget widget_text panel-first-child panel-last-child\" data-index=\"1\" ><div class=\"panel-widget-style panel-widget-style-for-160-1-0-0\" ><h3 class=\"widget-title\">PRANIE I CZYSZCZENIE TAPICERKI SAMOCHODOWEJ<\/h3>\t\t\t<div class=\"textwidget\"><p>Oferujemy Pa\u0144stwu pranie i czyszczenie tapicerki samochodowej przy u\u017cyciu maszyn oraz \u015brodk\u00f3w renomowanych firm.<\/p>\n<p>Czyszczenie tapicerki wykonujemy metod\u0105 ekstrakcyjn\u0105, gdy\u017c jedynie taka metoda pozwala na uzyskanie zadowalaj\u0105cego efektu.<\/p>\n<p>Proces ten polega na rozprowadzeniu odpowiedniego roztworu na czyszczon\u0105 powierzchni\u0119 przy u\u017cyciu specjalistycznego sprz\u0119tu i nast\u0119pnie jego odessaniu. Brud oraz zanieczyszczenia s\u0105 w ten spos\u00f3b rozpuszczane i usuwane.<\/p>\n<p>Czyszczenie tapicerki sk\u0142ada si\u0119 z kilku etap\u00f3w:<\/p>\n<p>\u2219 usuni\u0119ciu wszystkich rzeczy pozostawionych w aucie<\/p>\n<p>\u2219 kompleksowe odkurzenie wn\u0119trza samochodu<\/p>\n<p>\u2219 odplamianie trudnych do usuni\u0119cia plam<\/p>\n<p>\u2219 pranie\/czyszczenie podsufitki*<\/p>\n<p>\u2219 pranie ekstrakcyjne wn\u0119trza pojazdu: foteli i kanapy tylniej wraz z zag\u0142\u00f3wkami, boczk\u00f3w drzwi, baga\u017cnika, pod\u0142ogi oraz pranie dywanik\u00f3w (materia\u0142owych)<\/p>\n<p>\u2219 usuni\u0119cie przykrych zapach\u00f3w<\/p>\n<p>\u2219 suszenie wn\u0119trza samochodu<\/p>\n<p>\u2219 czyszczenie i nab\u0142yszczanie wszystkich element\u00f3w plastikowych<\/p>\n<p>\u2219 mycie szyb od wewn\u0105trz<\/p>\n<p>Do ka\u017cdego czyszczonego samochodu podchodzimy indywidualnie. Stawiamy na profesjonalizm, dbaj\u0105c o czas i pieni\u0105dze naszych klient\u00f3w.<\/p>\n<p>Zajmujemy si\u0119 r\u00f3wnie\u017c czyszczeniem i impregnacj\u0105 tapicerki sk\u00f3rzanej.<\/p>\n<\/div>\n\t\t<\/div><\/div><\/div><\/div><\/div>","protected":false},"excerpt":{"rendered":"<p>Jedn\u0105 z najskuteczniejszych metod oczyszczania wn\u0119trza samochodu i klimatyzacji jest&#8230; <\/p>\n","protected":false},"author":1,"featured_media":0,"parent":0,"menu_order":0,"comment_status":"closed","ping_status":"closed","template":"","meta":[],"_links":{"self":[{"href":"http:\/\/servissamochodowy.pl\/index.php?rest_route=\/wp\/v2\/pages\/160"}],"collection":[{"href":"http:\/\/servissamochodowy.pl\/index.php?rest_route=\/wp\/v2\/pages"}],"about":[{"href":"http:\/\/servissamochodowy.pl\/index.php?rest_route=\/wp\/v2\/types\/page"}],"author":[{"embeddable":true,"href":"http:\/\/servissamochodowy.pl\/index.php?rest_route=\/wp\/v2\/users\/1"}],"replies":[{"embeddable":true,"href":"http:\/\/servissamochodowy.pl\/index.php?rest_route=%2Fwp%2Fv2%2Fcomments&post=160"}],"version-history":[{"count":5,"href":"http:\/\/servissamochodowy.pl\/index.php?rest_route=\/wp\/v2\/pages\/160\/revisions"}],"predecessor-version":[{"id":165,"href":"http:\/\/servissamochodowy.pl\/index.php?rest_route=\/wp\/v2\/pages\/160\/revisions\/165"}],"wp:attachment":[{"href":"http:\/\/servissamochodowy.pl\/index.php?rest_route=%2Fwp%2Fv2%2Fmedia&parent=160"}],"curies":[{"name":"wp","href":"https:\/\/api.w.org\/{rel}","templated":true}]}}